- 59. Determine p(3).
22
Let y(l) = -6*l - 141. Calculate y(-24).
3
Let c(q) = 2*q**2 + q - 24. Give c(0).
-24
Let o(l) = -6*l + 27. Determine o(5).
-3
Let c(m) = -14*m**3 - m**2 + m - 4. Give c(-2).
102
Let c(g) = -13*g**3 - g**2 + 3*g - 4. What is c(1)?
-15
Let f(i) = -4*i + 21. Give f(4).
5
Let i(f) = f + 9. Give i(-2).
7
Let i(k) = -15*k + 215. Determine i(16).
-25
Let i(n) = n**3 + 5*n**2 + 5*n + 9. Determine i(-5).
-16
Let l(j) = j**2 + 17*j - 17. What is l(-18)?
1
Let c(y) = -2*y + 31. Determine c(17).
-3
Let k(b) = b**3 + 11*b**2 - 6*b + 53. Give k(-12).
-19
Let l(c) = -c**2 + 5*c + 3. What is l(4)?
7
Let n(v) = 9*v - 88. Determine n(11).
11
Let g(d) = -d**3 - 10*d**2 - 10*d - 19. Calculate g(-10).
81
Let t(f) = -8*f - 100. Give t(-13).
4
Let z(u) = -6*u**2 - u - 10. Give z(0).
-10
Let b(u) = 2*u**3 + 4*u**2 + 3*u + 1. What is b(-2)?
-5
Let i(z) = -6*z**2 - 89*z + 32. Determine i(-15).
17
Let u(h) = -12*h + 105. What is u(9)?
-3
Let b(p) = -23*p. Calculate b(-1).
23
Let z(u) = 4*u - 1. Calculate z(2).
7
Let p(f) = -f**3 - 12*f**2 + 46*f - 9. Give p(-15).
-24
Let n(u) = -10*u + 32. What is n(4)?
-8
Let f(m) = -m**3 - 4*m**2 + 25*m + 7. Determine f(-7).
-21
Let k(f) = -14*f + 21. What is k(7)?
-77
Let l(f) = -3*f**3 + 5*f**2 + 2*f - 4. Give l(2).
-4
Let x(y) = -y**2 - 12*y - 21. Give x(-9).
6
Let m(b) = 8*b**2 + 53*b + 17. What is m(-6)?
-13
Let l(r) = -r**2 + 16*r - 6. What is l(15)?
9
Let y(t) = -13*t - 26. Determine y(8).
-130
Let j(z) = 4*z**2 + 173*z + 28. What is j(-43)?
-15
Let r(s) = s**3 - s**2 + 2*s - 24. Calculate r(4).
32
Let g(h) = 11*h - 15. Calculate g(5).
40
Let d(o) = -o**2 - 4*o - 1. What is d(-7)?
-22
Let o(i) = -2*i**2 + 82*i + 183. What is o(43)?
11
Let n(b) = -7*b + 3. Give n(4).
-25
Let k(n) = -n + 2. Determine k(3).
-1
Let m(v) = -4*v**2 - 2*v + 16. What is m(-5)?
-74
Let d(s) = s**3 - 9*s**2 + 6*s + 2. What is d(6)?
-70
Let c(a) = 17*a + 62. Determine c(-7).
-57
Let j(m) = 3*m + 14. Give j(-8).
-10
Let t(u) = u**2 - 9*u - 15. Give t(9).
-15
Let n(j) = -14*j**2 - 12*j - 24. Calculate n(-2).
-56
Let z(i) = i**3 - 8*i**2 + 10*i - 25. What is z(6)?
-37
Let k(i) = 3*i**2 + 15*i - 3. Give k(-5).
-3
Let z(m) = -m**2 + 6*m - 9. Determine z(8).
-25
Let f(m) = m**3 - 4*m**2 - 2*m + 19. Give f(4).
11
Let l(n) = -n**3 + 12*n**2 - 12*n - 13. Calculate l(11).
-24
Let b(r) = -24*r - 390. Determine b(-16).
-6
Let x(b) = -8*b - 85. What is x(-6)?
-37
Let q(l) = l**3 - 8*l**2 + 5*l - 11. Give q(8).
29
Let d(q) = -2*q + 6. Determine d(6).
-6
Let f(j) = j**2 - 9*j + 8. Calculate f(8).
0
Let h(r) = r**3 - 3*r**2 - 6*r - 2. Calculate h(3).
-20
Let g(z) = z**2 - 6*z - 6. Determine g(8).
10
Let i(m) = -m**2 - 13*m + 12. Determine i(-13).
12
Let r(a) = 4*a + 2. Calculate r(1).
6
Let t(d) = -d**3 - 13*d**2 + 19*d + 6. Determine t(-14).
-64
Let h(u) = u**3 - u**2 - 4*u - 4. What is h(3)?
2
Let t(d) = -d - 123. Determine t(-33).
-90
Let h(r) = 15*r**3 + 4*r**2 + r - 4. Give h(-2).
-110
Let u(p) = -7*p + 114. Give u(11).
37
Let z(l) = -l**3 - 8*l**2 + 28*l - 49. What is z(-11)?
6
Let p(h) = 9*h + 182. Give p(-16).
38
Let n(x) = -x**3 - 18*x**2 - 15*x + 10. Give n(-17).
-24
Let s(q) = q**3 - 2*q + 1. Calculate s(0).
1
Let l(k) = -k**3 + 6*k**2 + 9*k + 6. Determine l(8).
-50
Let c(l) = 2*l**3 + 1. What is c(1)?
3
Let i(g) = g**2 + 15*g - 117. Determine i(-21).
9
Let n(r) = r**2 - 17*r - 8. Determine n(14).
-50
Let h(f) = -3*f - 19. Give h(-11).
14
Let w(y) = -11*y + 7. What is w(4)?
-37
Let p(g) = -17*g - 2. Determine p(-2).
32
Let q(m) = m**3 - 3*m**2 + 4*m - 3. Determine q(2).
1
Let f(v) = -v**2 - 10*v + 8. Determine f(-4).
32
Let z(v) = 3*v**2 - 42*v + 25. What is z(13)?
-14
Let q(t) = 3*t**2 - t - 1. Determine q(-2).
13
Let p(v) = -2*v + 11. Give p(8).
-5
Let u(l) = -10*l + 8. What is u(-1)?
18
Let l(g) = -g**3 + 19*g**2 + 37*g + 15. Calculate l(21).
-90
Let k(i) = -i**2 - i + 9. Give k(0).
9
Let p(u) = u**3 + 7*u**2 + 11*u - 10. Give p(-4).
-6
Let d(u) = u**2 + 2*u + 1. What is d(0)?
1
Let b(m) = m**3 + 19*m**2 - m - 38. Give b(-19).
-19
Let a(r) = r**3 + 2*r**2 - 3*r + 4. Give a(-3).
4
Let m(p) = -2*p**2 - 17*p + 111. Determine m(-13).
-6
Let h(j) = -j**3 + 6*j**2 + 3. Determine h(5).
28
Let t(q) = -2*q**3 - 3*q**2 + 2*q - 3. Give t(-2).
-3
Let n(h) = 2*h**2 + 20*h + 11. Determine n(-9).
-7
Let g(x) = -x**2 - 2*x - 3. Calculate g(-6).
-27
Let j(v) = -6*v + 248. Calculate j(41).
2
Let w(r) = -14*r**2 - 3*r - 2. Determine w(3).
-137
Let a(x) = 44*x - 1. Determine a(2).
87
Let i(l) = l**3 - 3*l**2 - 9*l - 2. What is i(-4)?
-78
Let v(u) = u - 14. Calculate v(7).
-7
Let p(m) = m + 3. Calculate p(-10).
-7
Let x(y) = -y**2 - 13*y + 58. What is x(-19)?
-56
Let o(p) = -5*p - 40. Calculate o(-8).
0
Let p(o) = 2*o. What is p(-8)?
-16
Let i(k) = k**3 + 10*k**2 + 17*k + 12. Determine i(-8).
4
Let c(v) = v**2 - v - 27. Calculate c(0).
-27
Let l(w) = -3*w**2 + 25*w + 66. What is l(10)?
16
Let z(k) = 2*k**2 + 33*k - 31. Give z(-17).
-14
Let s(n) = -15*n**2 + 9*n - 6. What is s(3)?
-114
Let i(l) = 6*l + 4. Determine i(-1).
-2
Let t(v) = -2*v**3 + 5*v**2 - 3*v + 4. Determine t(3).
-14
Let p(a) = -5*a**2 + 3*a + 8. Calculate p(4).
-60
Let q(w) = -w**2 - w - 4. Determine q(-5).
-24
Let d(x) = -2*x**2 + 6*x + 18. Calculate d(5).
-2
Let s(g) = g**3 + 54*g**2 - 3*g - 175. What is s(-54)?
-13
Let w(s) = -16*s + 124. Calculate w(8).
-4
Let o(s) = 12*s - 8. Determine o(1).
4
Let k(l) = 5*l - 10. Determine k(5).
15
Let z(o) = -o**3 + 7*o**2 - 11*o - 3. Determine z(5).
-8
Let w(g) = -2*g**3 - 3*g**2 + 4*g - 2. Determine w(2).
-22
Let d(c) = -3*c - 2. What is d(-4)?
10
Let g(j) = j**2 + 34*j - 10. Give g(-34).
-10
Let q(g) = g**3 + 13*g**2 + 3*g + 36. Calculate q(-13).
-3
Let s(z) = -12*z**3 + z**2 + 4*z + 2. Determine s(-2).
94
Let w(i) = i**3 - 10*i - 5. Calculate w(4).
19
Let v(l) = -l**3 + 8*l**2 + 19*l + 4. Give v(10).
-6
Let t(u) = 9*u - 158. Determine t(19).
13
Let j(x) = 6*x - 190. What is j(29)?
-16
Let n(c) = c**3 - 3*c**2 - c + 9. Calculate n(3).
6
Let r(w) = -19*w + 128. Determine r(7).
-5
Let h(v) = 3*v**2 + 22*v - 1. Give h(-9).
44
Let x(p) = 50*p - 71. What is x(4)?
129
Let o(a) = -a + 6. Determine o(14).
-8
Let f(z) = -z**2 - 5*z - 4. Calculate f(-5).
-4
Let r(x) = x**2 + 2*x + 3. Calculate r(6).
51
Let w(r) = -r**2 - 2*r + 5. Give w(-4).
-3
Let z(g) = g**3 + g + 47. Determine z(0).
47
Let a(i) = i**3 - 6*i**2 + 3*i + 3. What is a(4)?
-17
Let m(p) = p**3 - 2*p**2 + 5*p. Determine m(2).
10
Let s(o) = 5*o**2 - 48*o + 3. Calculate s(12).
147
Let b(l) = l**2 - 8*l - 33. What is b(12)?
15
Let z(n) = 23*n - 67. Calculate z(3).
2
Let r(d) = 16*d - 158. Give r(10).
2
Let t(n) = n**2 - 34*n + 58. Give t(32).
-6
Let t(z) = -26*z - 2. Determine t(1).
-28
Let p(s) = -7*s - 5. Calculate p(4).
-33
Let d(s) = -s**2 + 4*s - 21. What is d(6)?
-33
Let d(j) = -j**3 - 8*j**2 - 2*j - 6. Calculate d(-8).
10
Let x(p) = p**2 - 5*p + 4. What is x(-5)?
54
Let d(h) = h - 1. Give d(-10).
-11
Let n(d) = -d**3 + 5*d**2 + 3*d - 1. Calculate n(7).
-78
Let b(c) = -c**3 + c**2 + c. What is b(1)?
1
Let h(w) = 2*w**3 - 16*w**2 - 12*w + 58. Determine h(8).
-38
Let z(a) = -a**3 + 10*a**2 - 18*a + 12. What is z(8)?
-4
Let u(y) = -4*y**2 + 3. Give u(3).
-33
Let a(w) = w**2 + 18*w - 132. What is a(6)?
12
Let w(x) = x**2 - 3*x - 1. Calculate w(0).
-1
Let n(f) = -2*f**3 - 10*f**2 - 7*f - 14. Determine n(-5).
21
Let z(s) = s**3 - 7*s**2 + 4*s - 10. Calculate z(7).
18
Let p(m) = 11*m - 19. Calculate p(3).
14
Let a(d) = -45*d - 86. Calculate a(-2).
4
Let y(d) = -48*d + 857. Determine y(18).
-7
Let o(z) = z**2 - 20*z + 12. Give o(20).
12
Let m(h) = h**3 + h**2 + 57*h - 13. Calculate m(0).
-13
Let l(r) = -r**3 + 12*r**2 + 15*r - 23. Give l(13).
3
Let i(b) = 2*b**2 + b + 8. Give i(-6).
74
Let r(h) = 4*h + 72. Determine r(-22).
-16
Let a(t) = 3*t + 40. Determine a(-14).
-2
Let u(h) = -h**2 + 6*h - 3. Determine u(5).
2
Let h(f) = f**2 + 13*f - 13. What is h(-14)?
1
Let x(w) = w**2 - 2*w + 3. What is x(3)?
6
Let x(j) = -3*j + 30. Calculate x(9).
3
Let g(z) = -436*z - 438. Give g(-1).
-2
Let j(b) = -21*b + 20. Calculate j(1).
-1
Let u(l) = l**3 + 12*l**2 - 18*l - 12. Give u(-13).
53
Let q(u) = -2*u**2 - 13*u + 13. Give q(-10).
-57
Let g(n) = n**2 + 2*n - 3. Give g(-7).
32
Let q(j) = -j**3 + 2*j**2